1, what is 1 + 2260a47?
2260a48
In base 3, what is 11000210 + 100121222?
111122202
In base 16, what is -23 - 24aad?
-24ad0
In base 13, what is 680937 + 0?
680937
In base 16, what is -cec7344 - 1?
-cec7345
In base 12, what is 22a91 - 6b35?
17b58
In base 11, what is -8a3 + 6908?
6015
In base 4, what is 12 + 22220312103010?
22220312103022
In base 3, what is 11102 - 210201211110221?
-210201211022112
In base 3, what is 201112121 - 100201202?
100210212
In base 7, what is -232 - 3436012?
-3436244
In base 3, what is -102100 + -1010200110121?
-1010200212221
In base 9, what is -5144 - -735?
-4308
In base 6, what is -3523 + 4452?
525
In base 4, what is 223331222013 + 221?
223331222300
In base 8, what is -2174 + -234360?
-236554
In base 10, what is 262799297 + 3?
262799300
In base 13, what is -4 - 1437a64?
-1437a68
In base 9, what is 2422 + 24546?
27068
In base 5, what is 233143101 - -2141?
233200242
In base 4, what is -32 + -133303232132?
-133303232230
In base 4, what is 1 - -112011020302?
112011020303
In base 15, what is -a37d94 - -4?
-a37d90
In base 7, what is -165514 - 153?
-166000
In base 14, what is -4950b - 467?
-49974
In base 3, what is 1012 + 1111122110?
1111200122
In base 12, what is 6250 - 4492?
197a
In base 13, what is b2b6 + 39?
b322
In base 5, what is -131 - -3243422022?
3243421341
In base 14, what is 22 - -19b15?
19b37
In base 8, what is 4757 - 51327?
-44350
In base 4, what is 1233122 - -221?
1300003
In base 14, what is 405d1 + 286?
40877
In base 13, what is -46 - 2a19a59?
-2a19aa2
In base 4, what is 11112021233 - -11132?
11112033031
In base 15, what is -4d8480 + -8?
-4d8488
In base 13, what is -3 + 374c49cc?
374c49c9
In base 5, what is 11331103 + -2313?
11323240
In base 4, what is -310213 + -1020020?
-1330233
In base 5, what is -22 - 20002434?
-20003011
In base 11, what is 25336876 - -4?
2533687a
In base 5, what is -3043144 - -2413?
-3040231
In base 7, what is -2 + -1016005464?
-1016005466
In base 16, what is d7 - 3006?
-2f2f
In base 8, what is 437 + 144237?
144676
In base 6, what is -112 + -240530051?
-240530203
In base 16, what is 8d - -6846?
68d3
In base 11, what is 6 - 21700661?
-21700656
In base 14, what is -16 + -596bd3b?
-596bd53
In base 4, what is 12322030301331 + 11?
12322030302002
In base 5, what is 13100314441 + 3?
13100314444
In base 9, what is -2 + -6236286?
-6236288
In base 10, what is 4 + 1558353?
1558357
In base 16, what is 3b8dc1 + -10?
3b8db1
In base 10, what is -13095 - -670?
-12425
In base 2, what is -111111 - 1100101100011101?
-1100101101011100
In base 2, what is 1000 - -111111101011000100?
111111101011001100
In base 10, what is -1652 + -2787?
-4439
In base 15, what is -ccc + 1955?
b78
In base 6, what is 2314102021 - 0?
2314102021
In base 3, what is -22120 - -10202101211112?
10202101111222
In base 9, what is 13826 + -44586?
-30660
In base 13, what is -11 - -5a6b1?
5a6a0
In base 16, what is 4 + -e8e035?
-e8e031
In base 2, what is -100000 - 110011000100100110011000?
-110011000100100110111000
In base 9, what is -83383728 - 0?
-83383728
In base 11, what is -1099a259 + -3?
-1099a261
In base 8, what is -3 - -102325465?
102325462
In base 6, what is -2413003321 + -1?
-2413003322
In base 6, what is 10045 + 550214?
1000303
In base 12, what is -71986a1 + b?
-7198692
In base 16, what is -9 + 1c83bf?
1c83b6
In base 2, what is -101 - -1011111100110011110?
1011111100110011001
In base 12, what is 4 - 23a7754a?
-23a77546
In base 5, what is -200041301 + -203?
-200042004
In base 13, what is -15 + -c21c8c?
-c21ca4
In base 5, what is -11 - -41442400?
41442334
In base 11, what is -5 - -170628a?
1706285
In base 13, what is -9 + 5a52?
5a46
In base 11, what is 919240 - -52?
919292
In base 16, what is -6d5e854d + 4?
-6d5e8549
In base 4, what is -131233103 - -12?
-131233031
In base 10, what is 1236980 + -146?
1236834
In base 16, what is 0 - efb584?
-efb584
In base 9, what is -3062675 - -6?
-3062668
In base 4, what is 22310111 - -1201233?
30112010
In base 8, what is 3 - -36400676?
36400701
In base 2, what is -100 - -1111110101101000110010?
1111110101101000101110
In base 6, what is 23 - 2535235?
-2535212
In base 6, what is 24550104510 + -1?
24550104505
In base 14, what is 572d107 + 2?
572d109
In base 13, what is -288 + -674?
-92c
In base 13, what is -b2 - -761a?
7538
In base 13, what is -8bbb + -129?
-9017
In base 2, what is 1011100 - -10100010111010011110?
10100010111011111010
In base 15, what is -1 - 1aad5a7?
-1aad5a8
In base 4, what is -3 + 100121300020?
100121300011
In base 3, what is 2102210111 - -112?
2102211000
In base 3, what is 2121121120 - -1?
2121121121
In base 5, what is -141144 - -224040?
32341
In base 8, what is -203325 + -34?
-203361
In base 3, what is -2122202101 - -10022?
-2122122002
In base 6, what is -211 - 30042515?
-30043130
In base 16, what is 8ed + -10a82?
-10195
In base 5, what is 242403 + -13323331?
-13030423
In base 2, what is 111011110000011 + 11110111001110?
1011010101010001
In base 10, what is 2885192 - 13?
2885179
In base 4, what is -20 + -3333102220031?
-3333102220111
In base 4, what is 2301112200 + 203?
2301113003
In base 12, what is -5 - 6058b0?
-6058b5
In base 14, what is -c2b + 3041?
2214
In base 5, what is 0 - 120031130014?
-120031130014
In base 15, what is -153aba + 15a?
-153960
In base 8, what is 657 - 4666361?
-4665502
In base 14, what is 3 + 4547d5?
4547d8
In base 4, what is 1223113132 - 22012?
1223031120
In base 2, what is -1111010 + 11101001100100100100?
11101001100010101010
In base 4, what is -1130 - -1221123210?
1221122020
In base 9, what is -476 + 210723?
210236
In base 10, what is -52298 - -125?
-52173
In base 2, what is -1010001000 + 100110100010111000100?
100110100001100111100
In base 3, what is -21 + -121022001201?
-121022001222
In base 8, what is -27347343 + -11?
-27347354
In base 14, what is -8b7b - -3ca?
-8791
In base 3, what is -221120220102020 + 20?
-221120220102000
In base 10, what is -3 + -108610?
-108613
In base 11, what is 5204 + -254a?
2765
In base 5, what is 4122314 - -1001?
4123320
In base 6, what is -5 - -202551501?
202551452
In base 14, what is 79 + 1307b59?
1307bd4
In base 3, what is 122 + -1000221002012011?
-1000221002011112
In base 2, what is -101 - 111101001011100010011100101?
-111101001011100010011101010
In base 8, what is -5057 - 15472?
-22551
In base 15, what is 337165 - -2?
337167
In base 6, what is -13013002 + -134?
-13013140
In base 11, what is -272552 + -1?
-272553
In base 11, what is -7590 - 840?
-8320
In base 8, what is -1133415 - -4035?
-1127360
In base 12, what is -1bb96 + 5?
-1bb91
In base 14, what is -16850 - 190?
-16a00
In base 7, what is -1362534 + 532?
-1362002
In base 6, what is -102005551010 - -2?
-102005551004
In base 10, what is 28049 - 2488?
25561
In base 7, what is 2 + -160020043?
-160020041
In base 10, what is -28742637 - 4?
-28742641
In base 15, what is -981 + 4ed?
-483
In base 5, what is 102103 - 130011?
-22403
In base 4, what is -1003322 - 3302122?
-10312110
In base 14, what is -45 - 39576?
-395bb
In base 8, what is 3333156 - -4?
3333162
In base 8, what is 16654370 + -632?
16653536
In base 5, what is 0 - 1021232142?
-1021232142
In base 10, what is -2199908 - 44?
-2199952
In base 15, what is 15 + 275d7?
275ec
In base 9, what is 3335360 + 111?
3335471
In base 8, what is 1 + -32456356?
-32456355
In base 4, what is 1112 - -211113?
212231
In base 15, what is -28d738 + -12?
-28d74a
In base 4, what is -11102133311 - -230?
-11102133021
In base 13, what is bc2 - -2024?
2c16
In base 9, what is -5 - -441827271?
441827265
In base 3, what is 120 - 110101201110?
-110101200220
In base 2, what is -1100110110111110001000000001 + -11?
-1100110110111110001000000100
In base 5, what is 11141332 + -302?
11141030
In base 9, what is 60 - -158520?
158580
In base 5, what is 103420 + -23410320?
-23301400
In base 6, what is 1522252431 + -4?
1522252423
In base 8, what is 17 + 12272171?
12272210
In base 3, what is -12020210000221 - -11?
-12020210000210
In base 4, what is -10 - -1301221100202?
1301221100132
In base 15, what is -3c134 + 300?
-3bd34
In base 6, what is -341 - -1253552?
1253211
In base 16, what is -4 + -281fbb?
-281fbf
In base 13, what is -10b1 - -979?
-435
In base 2, what is 11110 - 1100000000111010001?
-1100000000110110011
In base 5, what is -2132032 + 1203?
-2130324